digit of i?
7
Suppose -4*l - 8196 + 54733 = h, -2*h - 23266 = -2*l. What is the tens digit of l?
3
Let d be 1/((-22)/4) - (-1434)/22. What is the tens digit of ((-11206)/d - 12)*(-6 + 1)?
2
Let z be -369 + -2 + 0/2. Suppose 26*j = 24*j - 8*b - 1008, -4*j + 3*b = 2092. Let r = z - j. What is the tens digit of r?
4
Suppose 3*m - 8*m = -3*n + 1294, 0 = 4*n + 8. Let v = m - -283. What is the tens digit of v?
2
Suppose -5 = -4*v + 15. Suppose v*g - x = -55, -g - x - 25 = 2*g. What is the units digit of (-952)/g + (-8)/(-10)?
6
Suppose -4*t - 20 = -0, 41 = u - 4*t. Suppose 2*r + u = 5*g + r, 0 = -g + 2*r - 3. Suppose 0 = g*d - 590 - 215. What is the tens digit of d?
6
Let v(t) = t**3 - 44*t**2 - 14*t - 23. What is the hundreds digit of v(45)?
3
Let n = 119 + -123. Let u be ((-5)/2)/(5/n - 0). Suppose 0*l = -s + 5*l + 85, 4*l - 184 = -u*s. What is the units digit of s?
0
Suppose 0 = 9*y - 122720 - 106627. What is the units digit of y?
3
Suppose -4*f = 3*k - 7*k + 3392, 4*k + f = 3377. Suppose 0 = 2*j + o - k, -10*o = -2*j - 9*o + 851. What is the hundreds digit of j?
4
Suppose -947 = -y - 44. Let k = -619 + y. What is the units digit of 0 - k/(-14) - (-12)/(-42)?
0
What is the hundreds digit of 7 + (-1048025)/(-30) - (-6)/(-36)?
9
Let l be 4 - ((-41184)/242 + 4/22). Let g = 203 - l. What is the tens digit of g?
2
Let w = 35 + -33. Let f(u) = 3*u + 10*u**2 - 27 - 5*u**2 - w*u + 2. What is the tens digit of f(-5)?
9
Let c = 107 - 101. Suppose -37 = 7*f - c*f. Let n = -14 - f. What is the units digit of n?
3
Let r(h) = -h**3 - 9*h**2 + 23*h. Let j be r(-12). Suppose 345 = -j*l + 161*l. What is the tens digit of l?
6
Let f = 18608 + -2879. What is the thousands digit of f?
5
Let g(c) = 3*c**2 + 8*c - 8. Let l = 304 + -292. What is the tens digit of g(l)?
2
Let m(l) = 10*l - 2 - 5*l**2 + 7*l**2 - 2*l + 21 - l**2. Suppose 0*y + 3*y + 30 = 0. What is the tens digit of m(y)?
3
Suppose -1450*w = -1497*w + 526588. What is the thousands digit of w?
1
Suppose 72*n - 62*n - 86630 = 0. What is the thousands digit of n?
8
Let d(m) be the second derivative of 53*m**5/120 + m**4/4 - m**3/3 + 27*m. Let x(j) be the second derivative of d(j). What is the units digit of x(1)?
9
Suppose -2*y = -5*j - 4426, -5*j + 10081 + 914 = 5*y. What is the thousands digit of y?
2
Let o(a) = -a**3 - 11*a**2 + 78. Let s be o(-12). Let k = 247 + -164. Let c = s - k. What is the hundreds digit of c?
1
Suppose 26*w + 11980 = 31*w. Let t = -1635 + w. What is the tens digit of t?
6
Let p(o) = o + 0*o**2 + 8*o**2 + 5 + 1. Suppose k = -4*l - 15, k = -2*k + 2*l - 3. What is the tens digit of p(k)?
7
Suppose 2*k - 161384 = t, -12*k + 9*k + 242078 = -2*t. What is the units digit of k/100 - 2/(-20)?
7
Let j(b) = 282*b**2 + 16*b + 30. What is the thousands digit of j(-2)?
1
Suppose -212 - 488 = -7*l. Suppose -60 - l = -16*u. What is the units digit of u/(-15)*3 + 264/4?
4
Let r(n) = 22*n**2 - 6. Let q be r(-5). Suppose 2*j + q + 250 = 0. Let f = -198 - j. What is the units digit of f?
9
Suppose -f = 4*f - 5460. Suppose -9*c = 3*c - f. Suppose -u = -2*r + 187, -r + u = -0*u - c. What is the tens digit of r?
9
Suppose -3*i = -1476 - 6054. Suppose 9*b - 476 = -i. What is the tens digit of b/(-4) + 5/10?
5
Let q be 21*(4 + 40/(-12)). Suppose 3*t = -4*n + 3540, 0 = -q*t + 11*t + 12. What is the tens digit of n?
8
Suppose 12*u - 18*u = -2088. Suppose 4*h = b - 169, -u = 4*b - 2*h - 968. What is the hundreds digit of b?
1
What is the thousands digit of (15244/48 - (-27)/162)*24?
7
Let w(m) be the third derivative of m**5/10 + m**4/6 + 10*m**3 + 11*m**2. What is the hundreds digit of w(8)?
4
Suppose 5*g + 3*i = 9*g - 369, -5*i + 284 = 3*g. Suppose 6 = 2*n - 0*n. Suppose -x + g = -0*x - 4*b, 0 = -n*b - 15. What is the tens digit of x?
7
Let c(o) = -3*o**2 - 5*o + 9. Let s be c(3). What is the tens digit of ((-381)/(-6))/(s/18 - -2)?
8
Suppose -7*t - 2 + 9 = 0. Let u be t + 4 - (-2 + 5). Suppose u*z - 7*j - 294 = -3*j, 2*j + 10 = 0. What is the units digit of z?
7
Let h(c) = -392*c + 1558. What is the hundreds digit of h(-26)?
7
Let c(l) = l**3 + 19*l**2 - 33*l - 50. Let o be (74 + -62)*(-1 + 3)/(-2). Let v be 15/((-10)/o*45/(-50)). What is the units digit of c(v)?
0
Suppose 90*v + 32500 = 100*v. Suppose 4*p + 3*z - 2572 = 0, -2*z - v = -5*p + 3*z. What is the hundreds digit of p?
6
Let z(i) = -1151*i**2 + 12. Let j be z(-6). What is the units digit of j/(-216) + 4/18?
2
Let n = 277 - 279. What is the tens digit of (-2)/(2/(-591)) - n?
9
Let b be (-3 - (0 - (4 - 3))) + 643. Suppose 3*t + b = 2*s, 5*s - 5*t - 317 = 4*s. Suppose 0 = 5*w - s + 22. What is the tens digit of w?
6
Let m = -18248 + 27097. What is the tens digit of m?
4
Let p be 27/4 + -3*3/12. Suppose -l + 12*l = p*l. Suppose x = l, 140 = 2*b - 2*x - 3*x. What is the tens digit of b?
7
Suppose 0 = 4*x + 20, -5*t + 0*t + 5*x = -25. Suppose t = 3*n - 163 + 712. Let m = n + 313. What is the units digit of m?
0
Let t(v) = -8*v**3 - 12*v**2 - 81*v + 25. What is the thousands digit of t(-12)?
3
Let w(l) = 9*l - 34. Let p(x) = -35*x + 135. Let a(c) = 4*p(c) + 15*w(c). Let v be a(6). Let f(m) = m + 46. What is the units digit of f(v)?
6
Let c(w) = w + 6. Let p be c(-3). Let u(r) = -58*r**2 - 4*r - 2. Let j(h) = 28*h**2 + h. Let n(s) = 5*j(s) + 2*u(s). What is the hundreds digit of n(p)?
2
Suppose 5*o + 50 = 5*i, 4*o + i + 4*i = -31. What is the hundreds digit of (o - -5 - 6)*399/(-6)?
6
Let f(g) = 71*g**2 + 103*g - 5. What is the tens digit of f(8)?
6
Suppose -6*j + j + n = -41060, 3*n = -5*j + 41040. Suppose -8*b = 15*b - j. What is the tens digit of b?
5
What is the hundreds digit of -76 - -88 - 139101/(15/(-5))?
3
Let p(c) = -4296*c - 514. What is the units digit of p(-1)?
2
Suppose -5*a = -3*b - 35, 0 = -a + 5*b - 7*b - 6. Suppose 3*c - 906 = -s, 2*c = 2*s - a*s + 1792. What is the tens digit of s?
9
What is the thousands digit of 77/(-44) + (-142342)/(-8)?
7
Let r(k) = k**2 + 35*k + 128. Let y be r(-31). Suppose -9*p + 3575 = -y*p. What is the hundreds digit of p?
7
Suppose -5*u - o + 36649 = -316608, 211915 = 3*u - 5*o. What is the units digit of u?
0
Suppose 3*r - u + 11 = 0, -u = -r - 4*u - 7. Let k(a) = 2*a**3 + 9*a**2 + 5*a + 5. Let i be k(r). What is the hundreds digit of 215 + (i - (1 - -4))?
2
What is the ten thousands digit of ((-1338)/(-8))/(-8*24/(-16640))?
1
Let m be -1 - -1 - (3 + -9). Suppose m*d = -d + 1701. What is the units digit of d?
3
Suppose -2*o + 114 = o + 2*k, -k - 163 = -4*o. Suppose -9*a - o*a + 14896 = 0. What is the hundreds digit of a?
3
Suppose -29*n = -70733 - 177826. What is the thousands digit of n?
8
Let n(s) = -125*s + 3. Let w(v) = -750*v + 19. Let k(f) = 34*n(f) - 6*w(f). What is the units digit of k(1)?
8
Suppose 0 = 3*m - 5*g - 358, -4*m + 312 = -4*g - 160. Let d be (m - 0) + (13 - 14). Suppose 3*y - d = 101. What is the units digit of y?
2
Let b be 2/8 - 75882/(-24). Suppose b = 7*j + 24*j. What is the units digit of j?
2
What is the units digit of (-7 + 558/72)/((-6)/4)*-35458?
9
Let w = -66 - -68. Let i(a) = 8*a - 43*a - 3 + 8 + w. What is the units digit of i(-4)?
7
Let a be (6033/15 + -2)/((-7)/(-35)). Suppose -3*t + a = 3*r, -5*t - 548 = -3*r + 1429. What is the tens digit of r?
6
What is the hundreds digit of ((-528)/(-1))/(34 - 4890/144)?
6
Suppose -4*x + 4161 = 3*n + 1286, -3834 = -4*n - 5*x. What is the hundreds digit of n?
9
Let a be 1 - 2 - (-11 - (808 - -6)). Let c = -667 + a. What is the hundreds digit of c?
1
Let x = 3565 - 2155. What is the hundreds digit of x?
4
Suppose 21 = -5*l + 4*z + 953, -3*l = 4*z - 572. Let g = 396 - l. What is the units digit of g?
8
Suppose -26 + 10 = -4*f. Suppose -3252 + 180 = -f*r. Suppose -10*l + r = -112. What is the tens digit of l?
8
Let s = 197 - 192. Suppose s*t = -2*t + 2415. What is the hundreds digit of t?
3
Suppose 8*b - 5 = 3. Let o be ((-16)/(-20))/(b - 533/535). Suppose -4*x - 247 = -5*m, -2*m - 2*m = 5*x - o. What is the tens digit of m?
5
Let w = 108 - 68. Let y = w + -38. Suppose 3*t + 2*z + z = 552, -6 = y*z. What is the tens digit of t?
8
Suppose 2*p - 7 + 22 = -5*m, 4*p - m - 25 = 0. Let b be 2 + (-3)/(-15)*p. Suppose -943 = -7*q + 2*q - 4*i, b*q = -2*i + 567. What is the hundreds digit of q?
1
Let y = 165 + 675. Let k = y + 129. What is the un